{"id":456,"date":"2020-11-13T11:55:47","date_gmt":"2020-11-13T10:55:47","guid":{"rendered":"http:\/\/www.hugues-lethierry.fr\/?page_id=456"},"modified":"2026-01-05T18:05:33","modified_gmt":"2026-01-05T17:05:33","slug":"se-reformer-dans-l-humour","status":"publish","type":"page","link":"https:\/\/www.hugues-lethierry.fr\/","title":{"rendered":"\u00ab\u00a0PICASSO SI! ,UNE PERSPECTIVE PEDAGOGIQUE\u00a0\u00bb"},"content":{"rendered":"<p>&nbsp;<\/p>\n<p><img loading=\"lazy\" decoding=\"async\" class=\"aligncenter wp-image-579 size-full\" src=\"http:\/\/www.hugues-lethierry.fr\/wp-content\/uploads\/2026\/01\/Bon-de-souscription-e1767632726781.jpg\" alt=\"\" width=\"555\" height=\"793\" srcset=\"https:\/\/www.hugues-lethierry.fr\/wp-content\/uploads\/2026\/01\/Bon-de-souscription-e1767632726781.jpg 555w, https:\/\/www.hugues-lethierry.fr\/wp-content\/uploads\/2026\/01\/Bon-de-souscription-e1767632726781-210x300.jpg 210w, https:\/\/www.hugues-lethierry.fr\/wp-content\/uploads\/2026\/01\/Bon-de-souscription-e1767632726781-370x529.jpg 370w\" sizes=\"auto, (max-width: 555px) 100vw, 555px\" \/><\/p>\n<p>&nbsp;<\/p>\n<p><iframe loading=\"lazy\" title=\"Lethierry Hugues livre sur Picasso Espace des possibles\" width=\"1040\" height=\"585\" src=\"https:\/\/www.youtube.com\/embed\/ex4uKyAZA3M?feature=oembed\" frameborder=\"0\" allow=\"accelerometer; autoplay; clipboard-write; encrypted-media; gyroscope; picture-in-picture; web-share\" referrerpolicy=\"strict-origin-when-cross-origin\" allowfullscreen><\/iframe><\/p>\n<p>&nbsp;<\/p>\n<p><img loading=\"lazy\" decoding=\"async\" class=\"alignnone size-full wp-image-573\" src=\"http:\/\/www.hugues-lethierry.fr\/wp-content\/uploads\/2024\/11\/2024-11-29-17_14_02-RENCONTRE-autour-du-Livre-PICASSO-SI-Editions-du-Petit-Pave-2.pdf-Adobe-A.png\" alt=\"\" width=\"542\" height=\"888\" srcset=\"https:\/\/www.hugues-lethierry.fr\/wp-content\/uploads\/2024\/11\/2024-11-29-17_14_02-RENCONTRE-autour-du-Livre-PICASSO-SI-Editions-du-Petit-Pave-2.pdf-Adobe-A.png 542w, https:\/\/www.hugues-lethierry.fr\/wp-content\/uploads\/2024\/11\/2024-11-29-17_14_02-RENCONTRE-autour-du-Livre-PICASSO-SI-Editions-du-Petit-Pave-2.pdf-Adobe-A-183x300.png 183w, https:\/\/www.hugues-lethierry.fr\/wp-content\/uploads\/2024\/11\/2024-11-29-17_14_02-RENCONTRE-autour-du-Livre-PICASSO-SI-Editions-du-Petit-Pave-2.pdf-Adobe-A-370x606.png 370w\" sizes=\"auto, (max-width: 542px) 100vw, 542px\" \/><\/p>\n<p>signatures 1er trimestre 2024-2025<\/p>\n<p>-le 5-11 ,de 10h a 18h au salon du livre d&rsquo;histoire sociale<\/p>\n<p>263 av de Paris 93000 montreuil<\/p>\n<p>-du 8 au 10-11 au salon de l&rsquo;Autre livre<\/p>\n<p>48 r vieille du temple Paris 4e<\/p>\n<p><img loading=\"lazy\" decoding=\"async\" class=\"alignnone size-full wp-image-563\" src=\"http:\/\/www.hugues-lethierry.fr\/wp-content\/uploads\/2024\/09\/2024-09-11-09_42_21-Window.png\" alt=\"\" width=\"1286\" height=\"887\" srcset=\"https:\/\/www.hugues-lethierry.fr\/wp-content\/uploads\/2024\/09\/2024-09-11-09_42_21-Window.png 1286w, https:\/\/www.hugues-lethierry.fr\/wp-content\/uploads\/2024\/09\/2024-09-11-09_42_21-Window-300x207.png 300w, https:\/\/www.hugues-lethierry.fr\/wp-content\/uploads\/2024\/09\/2024-09-11-09_42_21-Window-1024x706.png 1024w, https:\/\/www.hugues-lethierry.fr\/wp-content\/uploads\/2024\/09\/2024-09-11-09_42_21-Window-768x530.png 768w, https:\/\/www.hugues-lethierry.fr\/wp-content\/uploads\/2024\/09\/2024-09-11-09_42_21-Window-370x255.png 370w, https:\/\/www.hugues-lethierry.fr\/wp-content\/uploads\/2024\/09\/2024-09-11-09_42_21-Window-1040x717.png 1040w\" sizes=\"auto, (max-width: 1286px) 100vw, 1286px\" \/><\/p>\n<p>&nbsp;<\/p>\n<p><img loading=\"lazy\" decoding=\"async\" class=\"alignnone size-full wp-image-571\" src=\"http:\/\/www.hugues-lethierry.fr\/wp-content\/uploads\/2024\/11\/20241125_122344_resized.jpeg\" alt=\"\" width=\"240\" height=\"320\" srcset=\"https:\/\/www.hugues-lethierry.fr\/wp-content\/uploads\/2024\/11\/20241125_122344_resized.jpeg 240w, https:\/\/www.hugues-lethierry.fr\/wp-content\/uploads\/2024\/11\/20241125_122344_resized-225x300.jpeg 225w\" sizes=\"auto, (max-width: 240px) 100vw, 240px\" \/><img loading=\"lazy\" decoding=\"async\" class=\"alignnone size-full wp-image-570\" src=\"http:\/\/www.hugues-lethierry.fr\/wp-content\/uploads\/2024\/11\/20241125_122326_resized.jpeg\" alt=\"\" width=\"240\" height=\"320\" srcset=\"https:\/\/www.hugues-lethierry.fr\/wp-content\/uploads\/2024\/11\/20241125_122326_resized.jpeg 240w, https:\/\/www.hugues-lethierry.fr\/wp-content\/uploads\/2024\/11\/20241125_122326_resized-225x300.jpeg 225w\" sizes=\"auto, (max-width: 240px) 100vw, 240px\" \/><img loading=\"lazy\" decoding=\"async\" class=\"alignnone size-full wp-image-569\" src=\"http:\/\/www.hugues-lethierry.fr\/wp-content\/uploads\/2024\/11\/20241125_122301_resized.jpeg\" alt=\"\" width=\"240\" height=\"320\" srcset=\"https:\/\/www.hugues-lethierry.fr\/wp-content\/uploads\/2024\/11\/20241125_122301_resized.jpeg 240w, https:\/\/www.hugues-lethierry.fr\/wp-content\/uploads\/2024\/11\/20241125_122301_resized-225x300.jpeg 225w\" sizes=\"auto, (max-width: 240px) 100vw, 240px\" \/><\/p>\n<p>Rencontre du 12 janvier\u00a0\u00a0 PICASSO SI<\/p>\n<p>Accueil \u00e0 partir de 16 h<\/p>\n<p>&#8211; 10\u2018 Hugues explique le sens du livre<\/p>\n<p>&#8211; 5\u2019 lecture d\u2019un passage<\/p>\n<p>&nbsp;<\/p>\n<p>&#8211; 10 \u2018 Yves Donnars t\u00e9moigne de l\u2019objectif et des r\u00e9alisations<\/p>\n<p>&#8211; 10 \u2018 Marion Barrault\u00a0 un atelier<\/p>\n<p>&#8211; 10 \u2018 Claire Chevrier un atelier<\/p>\n<p>&#8211;\u00a0 3 \u2018\u00a0 Po\u00e8me de Sylvie Patterson<\/p>\n<p>&#8211; 10 \u2018 Maxime Stenuit Picasso et les avant gardes arabes<\/p>\n<p>&nbsp;<\/p>\n<p>&#8211;\u00a0\u00a0\u00a0 L \u2018\u00c9diteur<\/p>\n<p>&#8211;\u00a0\u00a0\u00a0 Les Amis de Aragon<\/p>\n<p>&nbsp;<\/p>\n<p>D\u00c9BAT CONVIVIAL<\/p>\n<p>&nbsp;<\/p>\n<p>&nbsp;<\/p>\n<p>avec la preface\u00a0de G.DUFAUD et la postface de P.BURAGLIO<\/p>\n<p>&nbsp;<\/p>\n<p>Qu&rsquo;on se le dise &#8230;et qu&rsquo;on se le lise bientot:a vos\u00a0pinceaux ,a vos palettes,<\/p>\n<p>&nbsp;<\/p>\n<p>Pablo sera notre instituteur dans ce livre de la collection PHILOUSOPHES<\/p>\n<p>&nbsp;<\/p>\n<p>au petit pav\u00e9 bien sur!<\/p>\n<p>&nbsp;<\/p>\n<p><img loading=\"lazy\" decoding=\"async\" class=\"alignnone size-full wp-image-559\" src=\"http:\/\/www.hugues-lethierry.fr\/wp-content\/uploads\/2023\/12\/Le-camarade-Collomb-la-loi-asile-et-Saint-Augustin.jpg\" alt=\"\" width=\"340\" height=\"340\" srcset=\"https:\/\/www.hugues-lethierry.fr\/wp-content\/uploads\/2023\/12\/Le-camarade-Collomb-la-loi-asile-et-Saint-Augustin.jpg 340w, https:\/\/www.hugues-lethierry.fr\/wp-content\/uploads\/2023\/12\/Le-camarade-Collomb-la-loi-asile-et-Saint-Augustin-300x300.jpg 300w, https:\/\/www.hugues-lethierry.fr\/wp-content\/uploads\/2023\/12\/Le-camarade-Collomb-la-loi-asile-et-Saint-Augustin-150x150.jpg 150w\" sizes=\"auto, (max-width: 340px) 100vw, 340px\" \/><\/p>\n<p>LE CERCLE DES PHILOUSOPHES Collection du Petit pav\u00e9<\/p>\n<p>La collection (ainsi que le livre a paraitre sur Picasso) sera pr\u00e9sent\u00e9e au salon du livre d&rsquo;histoire sociale<br \/>\nle 7-11 , 263 rue de Paris a Montreuil Et \u00e9galement<br \/>\nles 11 et 12 -11 , 148 rue Fg du temple ,Paris 4\u00e9, a \u00ab\u00a0L&rsquo;Autre Livre\u00a0\u00bb\u00a0C&rsquo;est un projet projet d&rsquo;education populaire qui la<br \/>\nsous tend<\/p>\n<p><iframe loading=\"lazy\" title=\"Hugues Lethierry Ma f\u00eate de l&#039;Huma Pourquoi ce th\u00e8me\" width=\"1040\" height=\"780\" src=\"https:\/\/www.youtube.com\/embed\/VVOcKhkDvJE?feature=oembed\" frameborder=\"0\" allow=\"accelerometer; autoplay; clipboard-write; encrypted-media; gyroscope; picture-in-picture; web-share\" referrerpolicy=\"strict-origin-when-cross-origin\" allowfullscreen><\/iframe><\/p>\n<p>&nbsp;<\/p>\n<p>&nbsp;<\/p>\n<p><img loading=\"lazy\" decoding=\"async\" class=\"alignnone size-full wp-image-551\" src=\"http:\/\/www.hugues-lethierry.fr\/wp-content\/uploads\/2023\/09\/2023-09-04-05_44_12-Window.png\" alt=\"\" width=\"1306\" height=\"892\" srcset=\"https:\/\/www.hugues-lethierry.fr\/wp-content\/uploads\/2023\/09\/2023-09-04-05_44_12-Window.png 1306w, https:\/\/www.hugues-lethierry.fr\/wp-content\/uploads\/2023\/09\/2023-09-04-05_44_12-Window-300x205.png 300w, https:\/\/www.hugues-lethierry.fr\/wp-content\/uploads\/2023\/09\/2023-09-04-05_44_12-Window-1024x699.png 1024w, https:\/\/www.hugues-lethierry.fr\/wp-content\/uploads\/2023\/09\/2023-09-04-05_44_12-Window-768x525.png 768w, https:\/\/www.hugues-lethierry.fr\/wp-content\/uploads\/2023\/09\/2023-09-04-05_44_12-Window-370x253.png 370w, https:\/\/www.hugues-lethierry.fr\/wp-content\/uploads\/2023\/09\/2023-09-04-05_44_12-Window-1040x710.png 1040w\" sizes=\"auto, (max-width: 1306px) 100vw, 1306px\" \/><\/p>\n<p>&nbsp;<\/p>\n<h4>\u00ab\u00a0Emp\u00e9docle:amour \/haine,\u00a0\u00bb D\u00e9confiner la philo\u00a0\u00bb, \u00ab\u00a0Le tabou de la mort\u00a0\u00bb<\/h4>\n<p>un livre p\u00e9dagogique se pr\u00e9pare sur \u00ab\u00a0PEINDRE , ECRIRE , DESSINER AVEC PICASSO\u00a0\u00bb<\/p>\n<p>il paraitra dans ma collection au petit pav\u00e9<\/p>\n<p>C.Chevrier r\u00e9digera le 1er chap. , moi le 2e .Un auteur est recherch\u00e9 pour<\/p>\n<p>\u00ab\u00a0Dessiner avec Picasso\u00a0\u00bb.Me contacter au 0478273302 ou <a href=\"mailto:hugueslethierry@gmail.com\">hugueslethierry@gmail.com<\/a><\/p>\n<p>&nbsp;<\/p>\n<p>&nbsp;<\/p>\n<p><img loading=\"lazy\" decoding=\"async\" class=\"alignnone size-full wp-image-505\" src=\"http:\/\/www.hugues-lethierry.fr\/wp-content\/uploads\/2021\/07\/deconfiner-la-philo.png\" alt=\"\" width=\"1039\" height=\"774\" srcset=\"https:\/\/www.hugues-lethierry.fr\/wp-content\/uploads\/2021\/07\/deconfiner-la-philo.png 1039w, https:\/\/www.hugues-lethierry.fr\/wp-content\/uploads\/2021\/07\/deconfiner-la-philo-300x223.png 300w, https:\/\/www.hugues-lethierry.fr\/wp-content\/uploads\/2021\/07\/deconfiner-la-philo-1024x763.png 1024w, https:\/\/www.hugues-lethierry.fr\/wp-content\/uploads\/2021\/07\/deconfiner-la-philo-768x572.png 768w, https:\/\/www.hugues-lethierry.fr\/wp-content\/uploads\/2021\/07\/deconfiner-la-philo-370x276.png 370w\" sizes=\"auto, (max-width: 1039px) 100vw, 1039px\" \/><\/p>\n<p><img loading=\"lazy\" decoding=\"async\" class=\"alignnone size-full wp-image-522\" src=\"http:\/\/www.hugues-lethierry.fr\/wp-content\/uploads\/2021\/09\/empedocle2.png\" alt=\"\" width=\"309\" height=\"495\" srcset=\"https:\/\/www.hugues-lethierry.fr\/wp-content\/uploads\/2021\/09\/empedocle2.png 309w, https:\/\/www.hugues-lethierry.fr\/wp-content\/uploads\/2021\/09\/empedocle2-187x300.png 187w\" sizes=\"auto, (max-width: 309px) 100vw, 309px\" \/><img loading=\"lazy\" decoding=\"async\" class=\"alignnone size-full wp-image-520\" src=\"http:\/\/www.hugues-lethierry.fr\/wp-content\/uploads\/2021\/09\/empedocle.png\" alt=\"\" width=\"413\" height=\"684\" srcset=\"https:\/\/www.hugues-lethierry.fr\/wp-content\/uploads\/2021\/09\/empedocle.png 413w, https:\/\/www.hugues-lethierry.fr\/wp-content\/uploads\/2021\/09\/empedocle-181x300.png 181w, https:\/\/www.hugues-lethierry.fr\/wp-content\/uploads\/2021\/09\/empedocle-370x613.png 370w\" sizes=\"auto, (max-width: 413px) 100vw, 413px\" \/><\/p>\n<p>N&rsquo;attendez pas les calendes grecques si \u00e7a vous bloque Emp\u00e9docle ! C&rsquo;est vrai qu&rsquo;il a 25 si\u00e8cles ! Mais son c\u00f4t\u00e9 \u00ab philousophe \u00bb haut en couleur attirera les originaux. Sous ses cendres, la braise couve ! Feu, air, terre, eau se m\u00ealent en Sicile lorsqu&rsquo;il se jettera dans l&rsquo;Etna et que le volcan renverra sa \u00ab sandale \u00bb d&rsquo;apr\u00e8s la l\u00e9gende ! Tant sur le plan scientifique que litt\u00e9raire, il nous interpelle aujourd&rsquo;hui. H\u00f6lderlin, Lecomte de Lisle, Romain Rolland m\u00e9dit\u00e8rent sur lui. \u00c0 nous de prendre le relais<\/p>\n<p>&nbsp;<\/p>\n<p>EMPEDOCLE:AMOUR\/HAINE<\/p>\n<p>L&rsquo;homme aux semelles d&rsquo;airain<\/p>\n<p>L&rsquo;Harmattan 14,50 euros<\/p>\n<p><a href=\"http:\/\/www.hugues-lethierry.fr\/wp-content\/uploads\/2021\/09\/couv_le-tabou-de-la-mort-3.pdf\"><img loading=\"lazy\" decoding=\"async\" class=\"alignnone size-full wp-image-518\" src=\"http:\/\/www.hugues-lethierry.fr\/wp-content\/uploads\/2021\/09\/letaboudelamorteneducation.png\" alt=\"\" width=\"1224\" height=\"848\" srcset=\"https:\/\/www.hugues-lethierry.fr\/wp-content\/uploads\/2021\/09\/letaboudelamorteneducation.png 1224w, https:\/\/www.hugues-lethierry.fr\/wp-content\/uploads\/2021\/09\/letaboudelamorteneducation-300x208.png 300w, https:\/\/www.hugues-lethierry.fr\/wp-content\/uploads\/2021\/09\/letaboudelamorteneducation-1024x709.png 1024w, https:\/\/www.hugues-lethierry.fr\/wp-content\/uploads\/2021\/09\/letaboudelamorteneducation-768x532.png 768w, https:\/\/www.hugues-lethierry.fr\/wp-content\/uploads\/2021\/09\/letaboudelamorteneducation-370x256.png 370w, https:\/\/www.hugues-lethierry.fr\/wp-content\/uploads\/2021\/09\/letaboudelamorteneducation-1040x721.png 1040w\" sizes=\"auto, (max-width: 1224px) 100vw, 1224px\" \/><\/a><\/p>\n<p><img loading=\"lazy\" decoding=\"async\" class=\"alignnone size-full wp-image-517\" src=\"http:\/\/www.hugues-lethierry.fr\/wp-content\/uploads\/2021\/09\/articlesdejournaux.png\" alt=\"\" width=\"933\" height=\"693\" srcset=\"https:\/\/www.hugues-lethierry.fr\/wp-content\/uploads\/2021\/09\/articlesdejournaux.png 933w, https:\/\/www.hugues-lethierry.fr\/wp-content\/uploads\/2021\/09\/articlesdejournaux-300x223.png 300w, https:\/\/www.hugues-lethierry.fr\/wp-content\/uploads\/2021\/09\/articlesdejournaux-768x570.png 768w, https:\/\/www.hugues-lethierry.fr\/wp-content\/uploads\/2021\/09\/articlesdejournaux-370x275.png 370w\" sizes=\"auto, (max-width: 933px) 100vw, 933px\" \/><\/p>\n<p><img loading=\"lazy\" decoding=\"async\" class=\"alignnone size-full wp-image-488\" src=\"http:\/\/www.hugues-lethierry.fr\/wp-content\/uploads\/2021\/03\/97.png\" alt=\"\" width=\"1188\" height=\"914\" srcset=\"https:\/\/www.hugues-lethierry.fr\/wp-content\/uploads\/2021\/03\/97.png 1188w, https:\/\/www.hugues-lethierry.fr\/wp-content\/uploads\/2021\/03\/97-300x231.png 300w, https:\/\/www.hugues-lethierry.fr\/wp-content\/uploads\/2021\/03\/97-1024x788.png 1024w, https:\/\/www.hugues-lethierry.fr\/wp-content\/uploads\/2021\/03\/97-768x591.png 768w, https:\/\/www.hugues-lethierry.fr\/wp-content\/uploads\/2021\/03\/97-370x285.png 370w, https:\/\/www.hugues-lethierry.fr\/wp-content\/uploads\/2021\/03\/97-1040x800.png 1040w\" sizes=\"auto, (max-width: 1188px) 100vw, 1188px\" \/><\/p>\n<p>&nbsp;<\/p>\n<p>Un nouvel ouvrage est chez l&rsquo;Harmattan:<\/p>\n<p>&nbsp;<\/p>\n<p>\u00ab\u00a0DES PHILOSOPHES A VENDRE:7 FAMILLES DE PENSEURS ANTIQUES\u00a0\u00bb<\/p>\n<p>&nbsp;<\/p>\n<p>Pr\u00e9face de Suzanne Husson illustrations d&rsquo;El\u00e9onor Clovis<\/p>\n<p>&nbsp;<\/p>\n<p><a href=\"http:\/\/www.hugues-lethierry.fr\/?attachment_id=443\" rel=\"attachment wp-att-443\"><img loading=\"lazy\" decoding=\"async\" class=\"alignnone size-full wp-image-443\" src=\"http:\/\/www.hugues-lethierry.fr\/wp-content\/uploads\/2019\/03\/IMG_E0807.jpg\" alt=\"\" width=\"3264\" height=\"2448\" srcset=\"https:\/\/www.hugues-lethierry.fr\/wp-content\/uploads\/2019\/03\/IMG_E0807.jpg 3264w, https:\/\/www.hugues-lethierry.fr\/wp-content\/uploads\/2019\/03\/IMG_E0807-300x225.jpg 300w, https:\/\/www.hugues-lethierry.fr\/wp-content\/uploads\/2019\/03\/IMG_E0807-768x576.jpg 768w, https:\/\/www.hugues-lethierry.fr\/wp-content\/uploads\/2019\/03\/IMG_E0807-1024x768.jpg 1024w, https:\/\/www.hugues-lethierry.fr\/wp-content\/uploads\/2019\/03\/IMG_E0807-370x278.jpg 370w, https:\/\/www.hugues-lethierry.fr\/wp-content\/uploads\/2019\/03\/IMG_E0807-1040x780.jpg 1040w\" sizes=\"auto, (max-width: 3264px) 100vw, 3264px\" \/><\/a><\/p>\n","protected":false},"excerpt":{"rendered":"<p>&nbsp; &nbsp; &nbsp; signatures 1er trimestre 2024-2025 -le 5-11 ,de 10h a 18h au salon du livre d&rsquo;histoire sociale 263 av de Paris 93000 montreuil -du 8 au 10-11 au salon de l&rsquo;Autre livre 48 r vieille du temple Paris 4e &nbsp; Rencontre du 12 janvier\u00a0\u00a0 PICASSO SI Accueil \u00e0 partir de 16 h &#8211; 10\u2018 Hugues explique le sens du livre &#8211; 5\u2019 lecture d\u2019un passage &nbsp; &#8211; 10[&#8230;]<\/p>\n","protected":false},"author":1,"featured_media":0,"parent":0,"menu_order":0,"comment_status":"closed","ping_status":"closed","template":"","meta":{"footnotes":""},"class_list":["post-456","page","type-page","status-publish","hentry"],"_links":{"self":[{"href":"https:\/\/www.hugues-lethierry.fr\/index.php?rest_route=\/wp\/v2\/pages\/456","targetHints":{"allow":["GET"]}}],"collection":[{"href":"https:\/\/www.hugues-lethierry.fr\/index.php?rest_route=\/wp\/v2\/pages"}],"about":[{"href":"https:\/\/www.hugues-lethierry.fr\/index.php?rest_route=\/wp\/v2\/types\/page"}],"author":[{"embeddable":true,"href":"https:\/\/www.hugues-lethierry.fr\/index.php?rest_route=\/wp\/v2\/users\/1"}],"replies":[{"embeddable":true,"href":"https:\/\/www.hugues-lethierry.fr\/index.php?rest_route=%2Fwp%2Fv2%2Fcomments&post=456"}],"version-history":[{"count":28,"href":"https:\/\/www.hugues-lethierry.fr\/index.php?rest_route=\/wp\/v2\/pages\/456\/revisions"}],"predecessor-version":[{"id":582,"href":"https:\/\/www.hugues-lethierry.fr\/index.php?rest_route=\/wp\/v2\/pages\/456\/revisions\/582"}],"wp:attachment":[{"href":"https:\/\/www.hugues-lethierry.fr\/index.php?rest_route=%2Fwp%2Fv2%2Fmedia&parent=456"}],"curies":[{"name":"wp","href":"https:\/\/api.w.org\/{rel}","templated":true}]}}