{"id":208,"date":"2019-03-25T21:15:39","date_gmt":"2019-03-25T20:15:39","guid":{"rendered":"http:\/\/www.hugues-lethierry.fr\/?page_id=208"},"modified":"2019-03-25T22:03:21","modified_gmt":"2019-03-25T21:03:21","slug":"la-libido-est-elle-une-ou-plurielle-on-en-parle-autour-dun-cafe-philo","status":"publish","type":"page","link":"https:\/\/www.hugues-lethierry.fr\/?page_id=208","title":{"rendered":"La libido est-elle une ou plurielle ?  On en parle autour d&rsquo;un caf\u00e9 philo !"},"content":{"rendered":"<p>Doit-on tout r\u00e9duire \u00e0 la libido sexuelle et au d\u00e9sir, comme l\u2019a fait Freud aux yeux de ses adversaires\u00a0? Ou bien peut-on distinguer avec Augustin d\u2019Hippone trois types de libido\u00a0:<\/p>\n<ul>\n<li>celle des sens<\/li>\n<li>celle du savoir<\/li>\n<li>celle du pouvoir<\/li>\n<\/ul>\n<p>Outre l\u2019influence fondamentale de cette distinction dans l\u2019histoire de la philosophie (on pense entre autres \u00e0 Pascal ou encore \u00e0 Bourdieu), il s\u2019av\u00e8re que cette distinction apparait dans sa propre vie et peut nous aider \u00e0 comprendre la n\u00f4tre.<\/p>\n<p>Hugues Lethierry et Nour Bouklila membres du \u00a0CMD\u00a0 (Cercle Des Philousophes) \u00a0s\u2019\u00e9vertueront \u00e0 vous pr\u00e9senter une facette originale du P\u00e8re de l\u2019Eglise d\u00e9figur\u00e9e par les politiciens cyniques. Il s\u2019agira tout en pr\u00e9sentant un pamphlet sur Le \u00ab\u00a0camarade Collomb\u00a0\u00bb de r\u00e9fl\u00e9chir sur la libido en politique, le rapport \u00e0 la v\u00e9rit\u00e9 et \u00e0 l\u2019existence.<\/p>\n<p>Un moment convivial suivi d\u2019une s\u00e9ance de d\u00e9dicace.<\/p>\n<p>En attednat un extrait vid\u00e9o pour vous mettre en halien \ud83d\ude09\u00a0 <a href=\"https:\/\/drive.google.com\/file\/d\/18UXf8b7oDWsR7fvkyW8ZslMcfpEa11sk\/view\" target=\"_blank\" rel=\"noopener noreferrer\">https:\/\/drive.google.com\/file\/d\/18UXf8b7oDWsR7fvkyW8ZslMcfpEa11sk\/view<\/a><\/p>\n<p>Philousophiquement v\u00f4tres.<\/p>\n<p><strong>Pour nous retrouver en chair et os:<\/strong><\/p>\n<p><strong>Samedi 13 avril<\/strong> au caf\u00e9 du Pont Neuf<\/p>\n<p>( M. Pont neuf \u2013 1\u00e8re station apr\u00e8s Ch\u00e2telet\u00a0; tout pr\u00e8s de ce tr\u00e8s beau caf\u00e9\u00a0<strong>: <\/strong><strong>14 quai du Louvre<\/strong> salle superbe \u00e0 l&rsquo;\u00e9tage, vue sur la Seine ou sur les bouquiniste)<\/p>\n<p>&nbsp;<\/p>\n<p>&nbsp;<\/p>\n<p>&nbsp;<\/p>\n","protected":false},"excerpt":{"rendered":"<p>Doit-on tout r\u00e9duire \u00e0 la libido sexuelle et au d\u00e9sir, comme l\u2019a fait Freud aux yeux de ses adversaires\u00a0? Ou bien peut-on distinguer avec Augustin d\u2019Hippone trois types de libido\u00a0: celle des sens celle du savoir celle du pouvoir Outre l\u2019influence fondamentale de cette distinction dans l\u2019histoire de la philosophie (on pense entre autres \u00e0 Pascal ou encore \u00e0 Bourdieu), il s\u2019av\u00e8re que cette distinction apparait dans sa propre vie[&#8230;]<\/p>\n","protected":false},"author":3,"featured_media":218,"parent":170,"menu_order":1,"comment_status":"closed","ping_status":"closed","template":"","meta":{"footnotes":""},"class_list":["post-208","page","type-page","status-publish","has-post-thumbnail","hentry"],"_links":{"self":[{"href":"https:\/\/www.hugues-lethierry.fr\/index.php?rest_route=\/wp\/v2\/pages\/208","targetHints":{"allow":["GET"]}}],"collection":[{"href":"https:\/\/www.hugues-lethierry.fr\/index.php?rest_route=\/wp\/v2\/pages"}],"about":[{"href":"https:\/\/www.hugues-lethierry.fr\/index.php?rest_route=\/wp\/v2\/types\/page"}],"author":[{"embeddable":true,"href":"https:\/\/www.hugues-lethierry.fr\/index.php?rest_route=\/wp\/v2\/users\/3"}],"replies":[{"embeddable":true,"href":"https:\/\/www.hugues-lethierry.fr\/index.php?rest_route=%2Fwp%2Fv2%2Fcomments&post=208"}],"version-history":[{"count":4,"href":"https:\/\/www.hugues-lethierry.fr\/index.php?rest_route=\/wp\/v2\/pages\/208\/revisions"}],"predecessor-version":[{"id":215,"href":"https:\/\/www.hugues-lethierry.fr\/index.php?rest_route=\/wp\/v2\/pages\/208\/revisions\/215"}],"up":[{"embeddable":true,"href":"https:\/\/www.hugues-lethierry.fr\/index.php?rest_route=\/wp\/v2\/pages\/170"}],"wp:featuredmedia":[{"embeddable":true,"href":"https:\/\/www.hugues-lethierry.fr\/index.php?rest_route=\/wp\/v2\/media\/218"}],"wp:attachment":[{"href":"https:\/\/www.hugues-lethierry.fr\/index.php?rest_route=%2Fwp%2Fv2%2Fmedia&parent=208"}],"curies":[{"name":"wp","href":"https:\/\/api.w.org\/{rel}","templated":true}]}}